31, 57251
List the prime factors of 376094252.
2, 23, 859, 4759
What are the prime factors of 813658218?
2, 3, 135609703
List the prime factors of 3412579860.
2, 3, 5, 83, 228419
What are the prime factors of 4164349402?
2, 2293, 908057
List the prime factors of 242228295.
3, 5, 23, 227, 1031
What are the prime factors of 150485487?
3, 271, 185099
What are the prime factors of 40717322?
2, 31, 47, 89, 157
What are the prime factors of 308118930?
2, 3, 5, 7, 61, 67, 359
What are the prime factors of 19276744?
2, 2409593
List the prime factors of 65525214.
2, 3, 10920869
List the prime factors of 9070699.
11, 824609
List the prime factors of 177365291.
31, 5721461
List the prime factors of 643456516.
2, 160864129
What are the prime factors of 153080210?
2, 5, 2393, 6397
What are the prime factors of 935133002?
2, 41, 11404061
What are the prime factors of 232882565?
5, 197, 236429
What are the prime factors of 975667588?
2, 7, 31, 1124041
What are the prime factors of 1997185705?
5, 313, 1276157
List the prime factors of 342358880.
2, 5, 2139743
List the prime factors of 1174416728.
2, 173, 848567
What are the prime factors of 60066494?
2, 30033247
What are the prime factors of 172145498?
2, 7, 12296107
List the prime factors of 3817255291.
709, 5383999
What are the prime factors of 59301559?
17, 109, 32003
What are the prime factors of 707646281?
707646281
List the prime factors of 347065203.
3, 8753, 13217
What are the prime factors of 2113032207?
3, 11, 13, 71, 173, 401
What are the prime factors of 401777137?
139, 2890483
List the prime factors of 72058456.
2, 1291, 6977
What are the prime factors of 38742609?
3, 17, 759659
List the prime factors of 52340598.
2, 3, 733, 3967
List the prime factors of 45830610.
2, 3, 5, 7, 59, 137
What are the prime factors of 5543983217?
25367, 218551
List the prime factors of 226070899.
367, 615997
List the prime factors of 643559998.
2, 321779999
What are the prime factors of 63206138?
2, 29, 37, 29453
List the prime factors of 4625947317.
3, 31, 47, 443, 2389
List the prime factors of 2095961362.
2, 11, 659, 144569
List the prime factors of 1997702086.
2, 73, 13682891
What are the prime factors of 876841439?
89, 541, 18211
What are the prime factors of 487951517?
151, 173, 18679
What are the prime factors of 130093831?
7, 1051, 17683
What are the prime factors of 410308744?
2, 51288593
List the prime factors of 4680048467.
55073, 84979
What are the prime factors of 1291275721?
29, 44526749
List the prime factors of 710671966.
2, 355335983
What are the prime factors of 2296105547?
151, 15205997
What are the prime factors of 4284465647?
7, 11, 17, 149, 1997
List the prime factors of 97624275.
3, 5, 7, 185951
List the prime factors of 39405091.
11, 3582281
List the prime factors of 144438621.
3, 53, 908419
List the prime factors of 60179502.
2, 3, 10029917
List the prime factors of 6460307029.
11, 587300639
List the prime factors of 83844572.
2, 7, 2994449
What are the prime factors of 66686553?
3, 7409617
List the prime factors of 2272552142.
2, 7, 162325153
What are the prime factors of 2289215226?
2, 3, 381535871
What are the prime factors of 968721606?
2, 3, 47, 2707
List the prime factors of 611201273.
61, 1559, 6427
List the prime factors of 503177011.
503177011
List the prime factors of 457220690.
2, 5, 683, 66943
List the prime factors of 165022167.
3, 659, 83471
What are the prime factors of 25273213?
7, 103, 35053
What are the prime factors of 409783046?
2, 204891523
What are the prime factors of 4565638?
2, 7, 11, 23, 1289
List the prime factors of 112052539.
37, 43, 70429
What are the prime factors of 57139519?
57139519
List the prime factors of 2616792.
2, 3, 107, 1019
List the prime factors of 100588317.
3, 33529439
List the prime factors of 2712582333.
3, 199, 1514563
List the prime factors of 93864750.
2, 3, 5, 7, 19, 941
List the prime factors of 35281368.
2, 3, 490019
What are the prime factors of 3970074603?
3, 11, 131, 918361
What are the prime factors of 149441678?
2, 2719, 27481
What are the prime factors of 53176598?
2, 23, 1156013
What are the prime factors of 15088040?
2, 5, 11, 53, 647
What are the prime factors of 76743783?
3, 8527087
List the prime factors of 3774795015.
3, 5, 367, 463, 1481
What are the prime factors of 3907672206?
2, 3, 21739, 29959
List the prime factors of 502052481.
3, 7, 1138441
List the prime factors of 1910406133.
47, 40646939
What are the prime factors of 43144558?
2, 21572279
List the prime factors of 3253216.
2, 101663
What are the prime factors of 958756539?
3, 13, 101, 243401
List the prime factors of 165442583.
10193, 16231
What are the prime factors of 1056858703?
17, 281, 221239
What are the prime factors of 303477877?
303477877
What are the prime factors of 5465653672?
2, 683206709
List the prime factors of 15785354.
2, 13, 607129
List the prime factors of 2261910863.
2261910863
What are the prime factors of 483355809?
3, 131, 136657
List the prime factors of 37317937.
23, 43, 97, 389
What are the prime factors of 2429499576?
2, 3, 7, 211, 9791
What are the prime factors of 193796530?
2, 5, 2089, 9277
What are the prime factors of 489986649?
3, 19, 149, 19231
What are the prime factors of 503393646?
2, 3, 7, 67, 178889
What are the prime factors of 1321401413?
4057, 325709
What are the prime factors of 21740936?
2, 7, 388231
What are the prime factors of 7118740899?
3, 790971211
What are the prime factors of 968891217?
3, 7, 17, 2713981
What are the prime factors of 45323864?
2, 5665483
What are the prime factors of 108048115?
5, 7, 3087089
List the prime factors of 32349768.
2, 3, 11, 181, 677
List the prime factors of 353692729.
13, 29, 941, 997
What are the prime factors of 686361787?
397, 1728871
List the prime factors of 409672087.
11, 37242917
List the prime factors of 227393762.
2, 113696881
List the prime factors of 66460182.
2, 3, 397, 27901
List the prime factors of 901594665.
3, 5, 233, 28663
What are the prime factors of 102447061?
373, 457, 601
List the prime factors of 1102508458.
2, 551254229
What are the prime factors of 334880508?
2, 3, 27906709
List the prime factors of 1045232131.
17, 331, 185753
List the prime factors of 99414710.
2, 5, 43, 231197
What are the prime factors of 692951297?
17, 4621, 8821
What are the prime factors of 552487739?
552487739
What are the prime factors of 5301153469?
17, 311832557
What are the prime factors of 27086177?
79, 342863
What are the prime factors of 53065168?
2, 13, 255121
What are the prime factors of 179829441?
3, 11, 73, 149, 167
List the prime factors of 14564795.
5, 7, 67, 6211
List the prime factors of 1301119464.
2, 3, 163, 349, 953
What are the prime factors of 104713110?
2, 3, 5, 1163479
What are the prime factors of 17843863?
17, 1049639
What are the prime factors of 548201037?
3, 41, 59, 75541
What are the prime factors of 1579952895?
3, 5, 105330193
What are the prime factors of 3269344980?
2, 3, 5, 11, 401, 1123
What are the prime factors of 1856625295?
5, 7, 53046437
What are the prime factors of 2226654692?
2, 1289, 431857
What are the prime factors of 5847504437?
5847504437
What are the prime factors of 416892577?
416892577
What are the prime factors of 51710096?
2, 19, 170099
What are the prime factors of 3491446442?
2, 11, 71, 557, 4013
What are the prime factors of 288098036?
2, 53, 1358953
What are the prime factors of 667740739?
17, 37, 1061591
What are the prime factors of 7083741013?
59, 2034973
What are the prime factors of 2645858415?
3, 5, 176390561
What are the prime factors of 239792695?
5, 47958539
What are the prime factors of 1076538444?
2, 3, 89711537
What are the prime factors of 18267983?
3119, 5857
List the prime factors of 330479262.
2, 3, 18359959
List the prime factors of 53087881.
7, 11, 19, 131, 277
List the prime factors of 46607843.
29, 61, 26347
List the prime factors of 47429288.
2, 457, 12973
List the prime factors of 2497316369.
37, 151, 443, 1009
List the prime factors of 26262701.
179, 146719
List the prime factors of 115711650.
2, 3, 5, 47, 5471
List the prime factors of 6596983280.
2, 5, 17, 23, 210901
List the prime factors of 322568942.
2, 229, 704299
What are the prime factors of 346157645?
5, 69231529
List the prime factors of 30199